-u = u - g. List the prime factors of u.
17
Suppose -7 = -2*o - 3*i, 0 = 4*o - 3*i + 5 - 28. Suppose 8 = o*b - b. Suppose b*z - 3 = 19. What are the prime factors of z?
11
Suppose 11 = 4*k + 3. Suppose -r + 6 = -k. List the prime factors of r.
2
Let d = 202 + -25. List the prime factors of d.
3, 59
Suppose 8*q - 5*q = 12. Suppose -2*w - 6 = 0, -2*h + q*w = 15 - 107. List the prime factors of h.
2, 5
Let h(p) = -p**2 - 11*p - 9. Let f be h(-8). List the prime factors of (-1 - (-3 + 2)) + f.
3, 5
Let j be (-12)/16*(2 - -10). Let t(r) = r**2 + 9*r + 3. Let k be t(j). Suppose -34 = -k*w + 20. What are the prime factors of w?
2, 3
Let v(h) = h**3 + 6*h**2 - h. Let f be v(-6). Suppose 0 = -5*x + f*x - 18. List the prime factors of x.
2, 3
Let z = -224 - -377. List the prime factors of z.
3, 17
Suppose 0 = -2*i - 3*i + 130. Let m = i + -16. What are the prime factors of m?
2, 5
Let x(d) = -77*d + 11. Let z(n) = 51*n - 7. Let m(o) = -5*x(o) - 8*z(o). Let v be m(-1). Suppose v = 3*b + b. What are the prime factors of b?
2, 3
Let i(u) = -u - 1. Let g(t) = 3*t. Let r(v) = g(v) + 2*i(v). List the prime factors of r(12).
2, 5
Let q be 112/21 - 4/(-6). Let o(l) = l**2 - 4*l + 3. Let u be o(q). List the prime factors of u/10 - (-70)/4.
19
Let f(m) = -m - 3. Suppose l + 4*o + 5 = -14, 2*l + 3*o + 18 = 0. Let p be f(l). Suppose -n + 22 - 6 = p. List the prime factors of n.
2
Let z be 0/(-3) + 29 + -2. Let u = -42 + z. What are the prime factors of (-111)/u - (-6)/10?
2
Suppose 2*r - 27 = 2*o + 13, -94 = -5*r - o. List the prime factors of r.
19
Suppose -2 = 3*m + 2*y - 4*y, y - 1 = -3*m. Suppose 0 = 3*a - 15, -w = -6*w - 3*a + 15. Suppose 3*g + w - 9 = m. List the prime factors of g.
3
Let l(j) = -j**3 - 6*j**2 - 5*j + 3. Suppose 0 = -b + 2*f + 3*f + 19, -5*f = 2*b + 37. What are the prime factors of l(b)?
3, 11
Let i(y) = -9*y + 2. Let r be i(2). Let s = r - -32. What are the prime factors of s?
2
Let x(n) = n - 8. Let f be x(10). Suppose -10 = -4*m + f. List the prime factors of m.
3
Let k = 102 - 48. List the prime factors of k.
2, 3
Suppose 2*c + 5*a - 275 = 0, 5*c - a - 2*a = 641. Suppose -c = 5*y - 10*y. What are the prime factors of y?
2, 13
Let r(t) = 3*t**2 + t - 2. Let c = 2 + -4. What are the prime factors of r(c)?
2
Suppose -j = 2*j - 4*v - 36, -5*j - 4*v = -60. Let d be 184/j + 4/6. Suppose -d = -3*u + 2. What are the prime factors of u?
2, 3
Suppose -5*w = -2*l - 7, 11 = 2*l - 3*w + 4*w. Suppose 20 = 5*j, 3*c + 2*j - l*j + 2 = 0. List the prime factors of -4 + c - -2 - -3.
3
Let z be 1/(-1)*(-3 - -4). Let j(u) = 18*u**2 - 2*u - 1. List the prime factors of j(z).
19
Suppose d + 17 = -2. Let k = 47 + d. List the prime factors of k.
2, 7
Let a(b) = 246*b - 4. What are the prime factors of a(1)?
2, 11
Suppose -5*q + 619 + 6 = 0. List the prime factors of q.
5
Suppose -3*y + 5*y - 30 = 0. Suppose -4*b - 15 = 5*n, 0*b - 5*n = 5*b + y. Suppose b*d + 2*d - 6 = 0. What are the prime factors of d?
3
Let h(i) = -78*i - 2. List the prime factors of h(-1).
2, 19
Let q = 3 + 2. Suppose 0 = 4*m + 2*y - 4, 32 = 4*m - q*y - 0. What are the prime factors of m?
3
Let k(g) = g**3 + 3*g**2 + 3*g + 2. Let v be k(-2). Suppose v = -3*y + 3 + 3. List the prime factors of y.
2
Suppose -5*y - 27 + 242 = -4*c, -225 = -5*y + 2*c. What are the prime factors of y?
47
Let o(g) = -14 + 16*g**2 + 3*g**2 - g**3 - 2 - 5*g**2 - 10*g. List the prime factors of o(13).
23
Let h = 97 - 64. List the prime factors of h.
3, 11
Let z = -13 + 9. Let i = 21 + z. List the prime factors of i.
17
Suppose 0 = -0*w - w + 24. List the prime factors of w.
2, 3
Let u be (-9 + 0)/(5/(-5)). What are the prime factors of ((-12)/u)/((-2)/3)?
2
List the prime factors of (10 + -2)*(-3)/(-4).
2, 3
Let v = 8 - 5. Suppose v*l - 119 = -6*t + 4*t, -4*l + 236 = 4*t. Suppose a + t = 5*h, 0 = 2*h + h + 3*a - 42. List the prime factors of h.
2, 3
Let f(h) = 11*h**3 - h**2 - h + 1. Let l = 0 + 1. Suppose -1 = -2*j + l. List the prime factors of f(j).
2, 5
Let x(l) = 3*l**2 - 8*l - 24. List the prime factors of x(-9).
3, 97
Let p = 182 + -99. List the prime factors of p.
83
Let o(i) be the first derivative of -i**3/3 + 11*i**2/2 - 5*i - 8. List the prime factors of o(9).
13
Suppose 4 + 2 = s. Suppose -3*r = n - 8*r - 3, -4*n + 2*r = s. What are the prime factors of -1*(n + 5 + -10)?
7
Let y = 331 + -148. What are the prime factors of y?
3, 61
Suppose p = 3*u + 4*p - 174, 2*p = 5*u - 283. Let j = 37 - u. What are the prime factors of 2 - (-1 + j)/3?
3
Let i(r) = -3*r - 3. Let b be -5 - 2/(-4)*0. List the prime factors of i(b).
2, 3
Let i(w) = -6*w - w**3 + 2 + 0*w - 7*w**2 + 0*w**3. Let o be i(-6). Suppose -2*c + 5*f + o = 2*c, 10 = 5*f. List the prime factors of c.
3
Suppose 6*s - s - 120 = 0. Suppose -8 = -5*v + 57. Let p = s - v. What are the prime factors of p?
11
Suppose 0 = 4*g - 0*g + 12. Let c = g - -5. Suppose -c*s = 2*s - 20. What are the prime factors of s?
5
Let s = -2 + 5. Let r(t) = -t - 4*t - s*t + t**3 + 4*t**2 - 5. What are the prime factors of r(-5)?
2, 5
Let i = -17 + 60. List the prime factors of i.
43
Let h(s) = 3*s + 16. Let w(p) = -p**2 + 7*p + 3. Let l be w(6). List the prime factors of h(l).
43
Suppose 3*x - 6*x - 5*p = -46, 74 = 3*x - 2*p. What are the prime factors of -2 + -1 + (x - 2)?
17
Let j(o) = -o**3 + 6*o**2 + 14. What are the prime factors of j(6)?
2, 7
Let y(b) = b**2 - 3*b + 4. List the prime factors of y(3).
2
Suppose 2*d = d + 108. List the prime factors of (d/126)/(1/7).
2, 3
Suppose -n = -4*n + 201. List the prime factors of n.
67
What are the prime factors of 202/6 - 22/33?
3, 11
Suppose 3*n = 33 + 6. Suppose 3*o = 20 + n. What are the prime factors of o?
11
Let l(p) = -p + 5. Suppose -a = -6 + 3. Suppose 4*b + 0*w = -w + 5, a*b + 5*w - 25 = 0. What are the prime factors of l(b)?
5
Let r(p) = -9*p - 38. What are the prime factors of r(-11)?
61
Let g(u) = -9*u - 11. Let k be g(-12). Suppose -5*n + 3*l - 9 + 100 = 0, 5*n - l - k = 0. What are the prime factors of n?
2, 5
Let o(z) = -z**3 - z. What are the prime factors of o(-6)?
2, 3, 37
Suppose 7*k = 10*k - 141. List the prime factors of k.
47
Let i = 10 - 5. Suppose 2*t + 45 = i*t. List the prime factors of t.
3, 5
Let g(f) = 21*f + 24. List the prime factors of g(5).
3, 43
Suppose -2*v = -w + 2 + 4, -3*v = -2*w + 10. Suppose 2 = 3*b - 2*t - w, 0 = -3*b - 4*t + 10. What are the prime factors of b?
2
Suppose 0 = 2*z - 3*y - 112, -5*z + y + 275 = -4*y. List the prime factors of z.
53
Let o = -81 + 155. What are the prime factors of o?
2, 37
Let f be 37 + (0 - 0) + 0. Let w = -19 + f. List the prime factors of w.
2, 3
Let q = -13 - -8. Let j = 14 + q. What are the prime factors of 124/j - (-10)/45?
2, 7
Suppose 3*l + 2*o + 3 = 9, -4 = -2*l - 4*o. Let a be ((-1)/(l/8))/(-2). What are the prime factors of 4/1 + (-4)/a?
2
Let q(j) = 4*j + 1. Let g = 1 + 1. Let p be (g/4)/((-1)/(-2)). What are the prime factors of q(p)?
5
Let s = 194 - 122. What are the prime factors of s?
2, 3
Suppose 3*y - 2*j = 3*j + 506, -4*y + 2*j + 684 = 0. What are the prime factors of y?
2, 43
Suppose -5*k - j + 317 = 2*j, j - 255 = -4*k. What are the prime factors of k?
2
Suppose 4*i + 5 = 13. Suppose 4 = i*r - 12. What are the prime factors of r?
2
Suppose 2*g + 4*d - 98 + 26 = 0, g = -d + 38. Let y = -16 + g. List the prime factors of y.
2, 3
Let l(b) = -b**3 - b**2 + b + 15. What are the prime factors of l(0)?
3, 5
Suppose 0*w + 4*w = 0. Suppose 5*o = -5*k, 2*o = 4*k - 12 - w. Suppose 0 = -u - k*t + 17, 2*u + 5*t = 8 + 30. List the prime factors of u.
3
List the prime factors of (92/2)/1 - 2.
2, 11
Suppose 2*m + i = -i, -16 = -4*m + 4*i. Suppose 0 = 3*k + y - 6 - 81, y - 57 = -m*k. Suppose k = v + 4*v. List the prime factors of v.
2, 3
Let d(t) = -3*t + 4. List the prime factors of d(-11).
37
Suppose w - 190 = -4*i, 9*w - i = 4*w + 845. What are the prime factors of w?
2, 5, 17
Suppose 0 = -2*u - 0*u + 2. What are the prime factors of (-150)/6*(-2 + u)?
5
Suppose -j - 5*i = -23, 2*j + i = -i + 78. What are the prime factors of j?
43
Let v(l) = -l**3 - 11*l**2 - 10*l + 11. What are the prime factors of v(-10)?
11
Suppose -3*u - z = -217, -z - 59 = 5*u - 424. What are the prime factors of u?
2, 37
Let x(r) = -2*r - 5. What are the prime factors of x(-1